{"id":223,"date":"2017-02-16T12:29:59","date_gmt":"2017-02-16T11:29:59","guid":{"rendered":"http:\/\/www.lebiac.rwth-aachen.de\/?page_id=223"},"modified":"2019-07-29T08:32:33","modified_gmt":"2019-07-29T06:32:33","slug":"ii-2f-lehr-lern-labor-wirtschaftsdidaktik","status":"publish","type":"page","link":"https:\/\/www.lebiac.rwth-aachen.de\/?page_id=223","title":{"rendered":"Wirtschaftsdidaktik"},"content":{"rendered":"\n<p>Der Aufgabenbereich im Rahmen des Projektes umfasst die Entwicklung, Erprobung und Implementierung des Lehr- Lernlabors \u201eM\u00fcndiger B\u00fcrger an der B\u00f6rse\/Kapitalmarkt\u201c.<\/p>\n\n\n\n<p>Ziel ist die Errichtung eines nicht durch Banken-Interessen geleiteten Lehr-Lernlabors zu Fragen des m\u00fcndigen Verhaltens an der B\u00f6rse und den Kapitalm\u00e4rken und dessen Einsatz im Studium und an Schulen, u. a. im Praxissemester. Fachlich-inhaltlich erlernen die Laborteilnehmer\/innen u.a. hinsichtlich der Anlageformen Festgeld, Tagesgeld, Fonds und Aktien deren Auswahlkriterien, wie Kostenstrukturen, Fristigkeiten, z. B. die Problematik von Fonds und b\u00f6rsengehandelten Fonds (ETFs f\u00fcr exchange-traded funds) im Vergleich zu Einzelwerten, etc. Nach Konzeption\/Errichtung des LLL erfolgt die Phase der Implementierung und der universit\u00e4tsinternen Erprobung in den Seminaren der Fachdidaktik Wirtschaftswissenschaften. Hierbei werden zun\u00e4chst Studierende unter Laborbedingungen beim \u201eGang an die B\u00f6rse bzw. die Kapitalm\u00e4rkte\u201c begleitet und die Erkenntnisse entsprechend reflektiert. Darauf aufbauend wird das Labor weiterentwickelt. In einem n\u00e4chsten Schritt erfolgt dann der Transfer des LLL an die Schulen innerhalb des neu konzipierten Praxissemesters. Dabei sind Studierende gehalten, das LLL in unterschiedlichen Bildungsg\u00e4ngen einzusetzen. Hierdurch soll insbesondere ein Kompetenzaufbau bei den Studierenden im Umfeld handlungsorientierten Unterrichts erreicht werden.<\/p>\n\n\n\n<p>Den Flyer zum B\u00f6rsenspiel gibt es <a class=\"download\" href=\"http:\/\/www.lebiac.rwth-aachen.de\/wp-content\/uploads\/2017\/12\/FlyerB\u00f6rsenplanspiel.pdf\">hier<\/a>.<\/p>\n\n\n\n<hr class=\"wp-block-separator\"\/>\n\n\n\n<h2>Veranstaltungen<\/h2>\n\n\n\n<hr class=\"wp-block-separator\"\/>\n\n\n\n<h5>23.09.2016<\/h5>\n\n\n\n<p><strong>Teilnahme am &#8222;Aachener Dialog zum Praxissemester&#8220;<\/strong><\/p>\n\n\n\n<hr class=\"wp-block-separator\"\/>\n\n\n\n<h5>17.11.2016 und 1.12.2016<\/h5>\n\n\n\n<p><strong>Durchf\u00fchrung des B\u00f6rsenspiels am ZfsL f\u00fcr Berufskollegs in Aachen<\/strong><\/p>\n\n\n\n<hr class=\"wp-block-separator\"\/>\n\n\n\n<h5>18.11.2016<\/h5>\n\n\n\n<p><strong>Teilnahme am &#8222;Aachener Didaktiktag&#8220;<\/strong><\/p>\n\n\n\n<hr class=\"wp-block-separator\"\/>\n\n\n\n<h5>20.06.2017 und 27.06.2017<\/h5>\n\n\n\n<p><strong>Durchf\u00fchrung des B\u00f6rsenspiels am ZfsL f\u00fcr Berufskollegs in Aachen<\/strong><\/p>\n\n\n\n<hr class=\"wp-block-separator\"\/>\n\n\n\n<h5>14.12.2017 und 21.12.2017<\/h5>\n\n\n\n<p><strong>Durchf\u00fchrung des B\u00f6rsenspiels am Paul-Julius-Renter-Berufskolleg<\/strong><\/p>\n\n\n\n<hr class=\"wp-block-separator\"\/>\n\n\n\n<h2>Kontakt<\/h2>\n\n\n\n<p><strong>Teilprojektmitarbeiterin:<\/strong> <br>Frau <a href=\"http:\/\/www.rwth-aachen.de\/cms\/root\/Die-RWTH\/Kontakt-Anreise\/Kontakt\/~bdfr\/Mitarbeiter-CAMPUS-\/?gguid=0x2277B7642B3CC846B6B115888AD7B779&amp;allou=1\">Jana Zimmermann<\/a> <br>Tel.:+49 241 80 96328 <br>Mail: zimmermann[at]lbz.rwth-aachen.de<\/p>\n\n\n\n<div style=\"width: 100%; clear: left;\">Weitere Informationen gibt es auf der <a class=\"extern\" href=\"http:\/\/www.wd.rwth-aachen.de\/go\/id\/nnqq?#aaaaaaaaaaannqr\">Website des Lehrstuhls f\u00fcr Wirtschaftsdidaktik<\/a>.<\/div>\n","protected":false},"excerpt":{"rendered":"<p>Der Aufgabenbereich im Rahmen des Projektes umfasst die Entwicklung, Erprobung und Implementierung des Lehr- Lernlabors \u201eM\u00fcndiger B\u00fcrger an der B\u00f6rse\/Kapitalmarkt\u201c. Ziel ist die Errichtung eines nicht durch Banken-Interessen geleiteten Lehr-Lernlabors <a class=\"more-link\" href=\"https:\/\/www.lebiac.rwth-aachen.de\/?page_id=223\">Continue Reading \u2192<\/a><\/p>\n","protected":false},"author":2,"featured_media":0,"parent":211,"menu_order":5,"comment_status":"closed","ping_status":"closed","template":"","meta":[],"_links":{"self":[{"href":"https:\/\/www.lebiac.rwth-aachen.de\/index.php?rest_route=\/wp\/v2\/pages\/223"}],"collection":[{"href":"https:\/\/www.lebiac.rwth-aachen.de\/index.php?rest_route=\/wp\/v2\/pages"}],"about":[{"href":"https:\/\/www.lebiac.rwth-aachen.de\/index.php?rest_route=\/wp\/v2\/types\/page"}],"author":[{"embeddable":true,"href":"https:\/\/www.lebiac.rwth-aachen.de\/index.php?rest_route=\/wp\/v2\/users\/2"}],"replies":[{"embeddable":true,"href":"https:\/\/www.lebiac.rwth-aachen.de\/index.php?rest_route=%2Fwp%2Fv2%2Fcomments&post=223"}],"version-history":[{"count":16,"href":"https:\/\/www.lebiac.rwth-aachen.de\/index.php?rest_route=\/wp\/v2\/pages\/223\/revisions"}],"predecessor-version":[{"id":1643,"href":"https:\/\/www.lebiac.rwth-aachen.de\/index.php?rest_route=\/wp\/v2\/pages\/223\/revisions\/1643"}],"up":[{"embeddable":true,"href":"https:\/\/www.lebiac.rwth-aachen.de\/index.php?rest_route=\/wp\/v2\/pages\/211"}],"wp:attachment":[{"href":"https:\/\/www.lebiac.rwth-aachen.de\/index.php?rest_route=%2Fwp%2Fv2%2Fmedia&parent=223"}],"curies":[{"name":"wp","href":"https:\/\/api.w.org\/{rel}","templated":true}]}}