{"id":232,"date":"2017-02-16T12:36:41","date_gmt":"2017-02-16T11:36:41","guid":{"rendered":"http:\/\/www.lebiac.rwth-aachen.de\/?page_id=232"},"modified":"2019-07-04T12:40:05","modified_gmt":"2019-07-04T10:40:05","slug":"ii-3b-physik","status":"publish","type":"page","link":"https:\/\/www.lebiac.rwth-aachen.de\/?page_id=232","title":{"rendered":"Physik"},"content":{"rendered":"\n<p>An der RWTH Aachen f\u00fchren j\u00e4hrlich etwa 2000 Studierende in den Physikalischen Praktika in Kleingruppen von acht bis zehn Teilnehmer\/inne\/n physikalische Versuche durch und werden dabei h\u00e4ufig durch Lehramtsstudierende mit Fach Physik betreut. Diesen Lehramtsstudierenden bietet dieser Bereich der Hochschullehre damit in relativ gesch\u00fctzter Umgebung authentische Lehr-Lern-Situationen zum Lehren von Physik. Deshalb wird ein fachdidaktisches Seminar entwickelt und f\u00fcr diese Zielgruppe angeboten, in dem zun\u00e4chst die beiden thematischen Schwerpunkte Motivation und Feedback theoretisch behandelt und anschlie\u00dfend praktische \u00dcbungen hierzu angeboten werden. Das Seminar beinhaltet auch ein intensives Lehrcoaching mittels Videoaufnahmen von Lehrsituationen der studentischen Betreuer sowie Peer-Feedback, in dem die Studierenden \u00fcber die kritische Reflexion der Lehre ihrer Kommilitonen auch zum Nachdenken \u00fcber eigene Lehrvorstellungen angeregt werden. Neben der St\u00e4rkung der Praxisorientierung der Lehrerbildung an der RWTH f\u00fchrt die Ma\u00dfnahme auch zu einer Verbesserung der Hochschullehre an der RWTH insgesamt und tr\u00e4gt damit zur strategischen Verankerung der Lehrerbildung an der Hochschule bei.<\/p>\n\n\n\n<h2>Kontakt<\/h2>\n\n\n\n<p><strong>Teilprojektmitarbeiter:<\/strong> <br>Herr <a href=\"http:\/\/www.physik.rwth-aachen.de\/cms\/Physik\/Die-Fachgruppe\/Institute-und-Lehrstuehle\/Einrichtungen\/~dwqp\/Details\/?gguid=0x2913E2745F2CD646A43DA77CFA0171A9&amp;allou=1\">Norman Jou\u00dfen<\/a> <br>Tel.: +49 241 80 27225 <br>Mail: joussen[at]physik.rwth-aachen.de<\/p>\n","protected":false},"excerpt":{"rendered":"<p>An der RWTH Aachen f\u00fchren j\u00e4hrlich etwa 2000 Studierende in den Physikalischen Praktika in Kleingruppen von acht bis zehn Teilnehmer\/inne\/n physikalische Versuche durch und werden dabei h\u00e4ufig durch Lehramtsstudierende mit <a class=\"more-link\" href=\"https:\/\/www.lebiac.rwth-aachen.de\/?page_id=232\">Continue Reading \u2192<\/a><\/p>\n","protected":false},"author":2,"featured_media":0,"parent":227,"menu_order":1,"comment_status":"closed","ping_status":"closed","template":"","meta":[],"_links":{"self":[{"href":"https:\/\/www.lebiac.rwth-aachen.de\/index.php?rest_route=\/wp\/v2\/pages\/232"}],"collection":[{"href":"https:\/\/www.lebiac.rwth-aachen.de\/index.php?rest_route=\/wp\/v2\/pages"}],"about":[{"href":"https:\/\/www.lebiac.rwth-aachen.de\/index.php?rest_route=\/wp\/v2\/types\/page"}],"author":[{"embeddable":true,"href":"https:\/\/www.lebiac.rwth-aachen.de\/index.php?rest_route=\/wp\/v2\/users\/2"}],"replies":[{"embeddable":true,"href":"https:\/\/www.lebiac.rwth-aachen.de\/index.php?rest_route=%2Fwp%2Fv2%2Fcomments&post=232"}],"version-history":[{"count":11,"href":"https:\/\/www.lebiac.rwth-aachen.de\/index.php?rest_route=\/wp\/v2\/pages\/232\/revisions"}],"predecessor-version":[{"id":1594,"href":"https:\/\/www.lebiac.rwth-aachen.de\/index.php?rest_route=\/wp\/v2\/pages\/232\/revisions\/1594"}],"up":[{"embeddable":true,"href":"https:\/\/www.lebiac.rwth-aachen.de\/index.php?rest_route=\/wp\/v2\/pages\/227"}],"wp:attachment":[{"href":"https:\/\/www.lebiac.rwth-aachen.de\/index.php?rest_route=%2Fwp%2Fv2%2Fmedia&parent=232"}],"curies":[{"name":"wp","href":"https:\/\/api.w.org\/{rel}","templated":true}]}}