{"id":234,"date":"2017-02-16T12:37:23","date_gmt":"2017-02-16T11:37:23","guid":{"rendered":"http:\/\/www.lebiac.rwth-aachen.de\/?page_id=234"},"modified":"2019-07-04T12:40:33","modified_gmt":"2019-07-04T10:40:33","slug":"ii-3c-deutsch","status":"publish","type":"page","link":"https:\/\/www.lebiac.rwth-aachen.de\/?page_id=234","title":{"rendered":"Deutsch"},"content":{"rendered":"\n<p>Das Teilprojekt Deutsch bindet Lehramtsstudierende mit dem Fach Deutsch in die Betreuung von Schreibkursen ein, die zur Vorbereitung von Lehramtsstudierenden der RWTH Aachen University auf Bachelor- und Masterarbeiten konzipiert und durchgef\u00fchrt werden.<\/p>\n\n\n\n<p>Die Studierenden werden zun\u00e4chst in dem fachdidaktischen Seminar zur \u201eSchreibprozessdidaktik: Peer-Teaching und wissenschaftliches Schreiben\u201c geschult und auf ihre Rolle als Peer-Teacher in den Schreibkursen vorbereitet. Im Zentrum des Lehrcoachings steht die Vermittlung von Grundlagenwissen zur Schreibprozessdidaktik und zum Peer-Teaching. Anschlie\u00dfend werden die Studierenden an spezifische Lehr-Lern-Arrangements des wissenschaftlichen Schreibens herangef\u00fchrt. In diesem Zusammenhang lernen sie, authentische Textproduktionen zu korrigieren, m\u00fcndliche Feedback-Methoden f\u00fcr ad\u00e4quate R\u00fcckmeldungen zu entwickeln und diese in Lehr-Lern-Prozessen praktisch umzusetzen. Die erworbenen Schl\u00fcsselkompetenzen werden zuk\u00fcnftig in der lehramtsspezifischen Schreibwerkstatt des Teilprojekts II.4a erprobt und optimiert. Nach hinreichenden Erfahrungen ist ein Transfer des Lehrcoachings in weitere Lehramtsf\u00e4cher geplant.<\/p>\n\n\n\n<h4>Downloads:<\/h4>\n\n\n\n<ul><li>Flyer &#8222;Fit f\u00fcr die Lehre-Lehren lernen&#8220; <a class=\"intern\" href=\"http:\/\/www.lebiac.rwth-aachen.de\/wp-content\/uploads\/2018\/08\/Brosch\u00fcre_Lehren_lernen_II.3c_201180823.pdf\"> pdf <\/a><\/li><li>Seminartermine zum &#8222;Lernen durch Lehren (LdL). Zur Anleitung von Schreibprozessen in schulischen und universit\u00e4ren Kontexten&#8220; <a class=\"extern\" href=\"http:\/\/www.lfd.rwth-aachen.de\/index.php\/veranstaltungen\/75-sommersemester-2018\"> Institutswebseite <\/a><\/li><\/ul>\n\n\n\n<h2>Kontakt<\/h2>\n\n\n\n<p><strong>Teilprojektmitarbeiterin:<\/strong> <br>Frau <a href=\"http:\/\/www.lfd.rwth-aachen.de\/index.php\/9-personen\/13-hilgers\">Dr. Klaudia Hilgers<\/a> <br>Tel.: +49 241 80 96070 <br>Mail: k.hilgers[at]germlit.rwth-aachen.de<\/p>\n","protected":false},"excerpt":{"rendered":"<p>Das Teilprojekt Deutsch bindet Lehramtsstudierende mit dem Fach Deutsch in die Betreuung von Schreibkursen ein, die zur Vorbereitung von Lehramtsstudierenden der RWTH Aachen University auf Bachelor- und Masterarbeiten konzipiert und <a class=\"more-link\" href=\"https:\/\/www.lebiac.rwth-aachen.de\/?page_id=234\">Continue Reading \u2192<\/a><\/p>\n","protected":false},"author":2,"featured_media":0,"parent":227,"menu_order":2,"comment_status":"closed","ping_status":"closed","template":"","meta":[],"_links":{"self":[{"href":"https:\/\/www.lebiac.rwth-aachen.de\/index.php?rest_route=\/wp\/v2\/pages\/234"}],"collection":[{"href":"https:\/\/www.lebiac.rwth-aachen.de\/index.php?rest_route=\/wp\/v2\/pages"}],"about":[{"href":"https:\/\/www.lebiac.rwth-aachen.de\/index.php?rest_route=\/wp\/v2\/types\/page"}],"author":[{"embeddable":true,"href":"https:\/\/www.lebiac.rwth-aachen.de\/index.php?rest_route=\/wp\/v2\/users\/2"}],"replies":[{"embeddable":true,"href":"https:\/\/www.lebiac.rwth-aachen.de\/index.php?rest_route=%2Fwp%2Fv2%2Fcomments&post=234"}],"version-history":[{"count":12,"href":"https:\/\/www.lebiac.rwth-aachen.de\/index.php?rest_route=\/wp\/v2\/pages\/234\/revisions"}],"predecessor-version":[{"id":1595,"href":"https:\/\/www.lebiac.rwth-aachen.de\/index.php?rest_route=\/wp\/v2\/pages\/234\/revisions\/1595"}],"up":[{"embeddable":true,"href":"https:\/\/www.lebiac.rwth-aachen.de\/index.php?rest_route=\/wp\/v2\/pages\/227"}],"wp:attachment":[{"href":"https:\/\/www.lebiac.rwth-aachen.de\/index.php?rest_route=%2Fwp%2Fv2%2Fmedia&parent=234"}],"curies":[{"name":"wp","href":"https:\/\/api.w.org\/{rel}","templated":true}]}}