{"id":25,"date":"2016-12-09T16:55:26","date_gmt":"2016-12-09T15:55:26","guid":{"rendered":"http:\/\/www.lebiac.rwth-aachen.de\/?page_id=25"},"modified":"2021-07-30T10:10:27","modified_gmt":"2021-07-30T08:10:27","slug":"aktuelles","status":"publish","type":"page","link":"https:\/\/www.lebiac.rwth-aachen.de\/?page_id=25","title":{"rendered":"Veranstaltungen der Teilprojekte"},"content":{"rendered":"\n<h3>Aktuelle Veranstaltungen<\/h3>\n\n\n\n<hr class=\"wp-block-separator\"\/>\n\n\n\n<p><strong>Aachener Schul-Hochschul-Fachtag 2022<\/strong><\/p>\n\n\n\n<p>Am 06.01.2022 findet der zweite Aachener Schul-Hochschul-Fachtag statt. Dieser adressiert Didaktiker*innen, Lehrkr\u00e4fte aller F\u00e4cher, Studierende sowie weitere Bildungsakteure, die zu aktuellen Themen des Schulunterrichts arbeiten m\u00f6chten.<br>Zwischen 10:30 Uhr und 16:00 Uhr werden Working Sessions zu spezifischen Themen aus unterschiedlichen Bereichen angeboten. Neben vorbereiteten Inputs haben Sie die M\u00f6glichkeit, bei der Erprobung, Diskussion oder Entwicklung konkreter Unterrichtsmaterialien oder au\u00dferunterrichtlicher Schulprojekte mitzuwirken.<\/p>\n\n\n\n<p>Weitere Informationen folgen in K\u00fcrze.<\/p>\n\n\n\n<p>Den Flyer zum ersten Aachener Schul-Hochschul-Fachtag finden Sie <a href=\"http:\/\/www.lebiac.rwth-aachen.de\/wp-content\/uploads\/2020\/12\/Flyer_Schul-Hochschul-Fachtag_06.01.2021.pdf\">hier<\/a>.<\/p>\n\n\n\n<p>Kontakt<strong>: <\/strong>Phil Merkschien, <a href=\"ma&#105;&#108;&#x74;&#x6f;&#x3a;&#x70;hi&#108;&#46;&#x6d;&#x65;&#x72;&#x6b;sc&#104;&#105;&#101;&#x6e;&#x40;&#x6d;&#x61;th&#97;&#46;&#x72;&#x77;&#x74;&#x68;-a&#97;&#99;&#x68;&#x65;&#x6e;&#x2e;de\">&#x70;&#x68;&#x69;&#x6c;&#46;&#109;&#101;rk&#x73;&#x63;&#x68;&#x69;&#x65;&#110;&#64;&#109;at&#x68;&#x61;&#x2e;&#x72;&#x77;&#116;&#104;&#45;aa&#x63;&#x68;&#x65;&#x6e;&#x2e;&#100;&#101;<\/a><\/p>\n\n\n\n<hr class=\"wp-block-separator\"\/>\n\n\n\n<p><strong>Aachener Didaktiktag 2021<\/strong><\/p>\n\n\n\n<p>&#8222;M\u00fcndigkeit und Haltung: Didaktische Perspektiven auf die gesellschaftliche Verantwortung von Schulen&#8220; ist der Titel des diesj\u00e4hrigen Aachener Didaktiktages. Dieser findet am 25. und 26. November 2021 in Form einer Online-Tagung in Zoom statt.<\/p>\n\n\n\n<p>Weitere Informationen zur Veranstaltung finden Sie <a href=\"https:\/\/www.lbz.rwth-aachen.de\/cms\/LBZ\/Forschung\/Forschungskooperation\/Aachener-Didaktiktag\/~fkcyt\/Aachener-Didaktiktag-2021\/\">hier<\/a>.<\/p>\n\n\n\n<p>Veranstaltungsorganisation:\u00a0<a href=\"https:\/\/www.lbz.rwth-aachen.de\/cms\/LBZ\/Forschung\/Forschungskooperation\/~qqyu\/Fachdidaktik-Forum\/\">FachdidaktikForum<\/a>\u00a0am Lehrerbildungszentrum der RWTH Aachen<br>Kontakt: Jana Zimmermann, <a href=\"&#109;&#x61;&#105;&#x6c;&#116;&#x6f;:&#x7a;i&#x6d;m&#101;&#x72;&#109;&#x61;&#110;&#x6e;&#64;&#x6c;b&#x7a;&#46;&#x72;w&#116;&#x68;&#45;&#x61;&#97;&#x63;&#104;&#x65;n&#x2e;d&#x65;\">&#122;&#x69;&#109;&#x6d;e&#x72;m&#97;&#x6e;&#110;&#x40;&#108;&#x62;z&#x2e;r&#119;&#x74;&#104;&#x2d;a&#x61;c&#x68;&#x65;&#110;&#x2e;&#100;&#x65;<\/a><\/p>\n\n\n\n<p><\/p>\n\n\n\n<p class=\"has-huge-font-size\">      <\/p>\n\n\n\n<p>    <\/p>\n\n\n\n<p>   <\/p>\n\n\n\n<p>   <\/p>\n\n\n\n<p>   <\/p>\n\n\n\n<p>  <\/p>\n\n\n\n<p><\/p>\n\n\n\n<p><\/p>\n\n\n\n<p>     <\/p>\n\n\n\n<h3>Fr\u00fchere Veranstaltungen<\/h3>\n\n\n\n<hr class=\"wp-block-separator\"\/>\n\n\n\n<p><strong>Aachener Schul-Hochschul-Fachtag am 06.01.2021<\/strong><\/p>\n\n\n\n<p>Obwohl aufgrund der Pandemiesituation zwischenzeitlich organisatorische \u00c4nderungen vorgenommen werden mussten, haben am ersten Aachener Schul-Hochschul-Fachtag rund 40 Personen teilgenommen. In mehrst\u00fcndigen Working Sessions haben Lehrkr\u00e4fte, Didaktiker*innen, Studierende sowie weitere Bildungsakteure zusammen intensiv an einem spezifischen Thema aus einem der Bereiche Mathematik, Deutsch, Informatik, Biologie oder Videografie gearbeitet.<br>Neben vorbereiteten Inputs haben die Teilnehmer*innen bei der Erprobung, Diskussion oder Entwicklung konkreter Unterrichtsmaterialien oder au\u00dferunterrichtlicher Schulprojekte mitgewirkt.<\/p>\n\n\n\n<p><br><a href=\"http:\/\/www.lebiac.rwth-aachen.de\/wp-content\/uploads\/2020\/12\/Flyer_Schul-Hochschul-Fachtag_06.01.2021.pdf\">Flyer Aachener Schul-Hochschul-Fachtag am 6.1.2021<\/a><\/p>\n\n\n\n<hr class=\"wp-block-separator\"\/>\n\n\n\n<p><strong>Aachener Didaktiktag 12. und 13. November 2020<\/strong><\/p>\n\n\n\n<p>Mit dem Titel&nbsp;<em>\u201eBildung w e i t e r denken! \u2013 Impulse f\u00fcr ein digital gest\u00fctztes Lehren und Lernen\u201c<\/em>&nbsp;und mehr als 200 Teilnehmenden fand am 12. und 13. November 2020 der Aachener Didaktiktag in Form einer Online-Tagung statt.<\/p>\n\n\n\n<p>Mit Beginn der Corona-Pandemie im M\u00e4rz 2020 wurden die Schulen unmittelbar vor die Herausforderung gestellt, den bis dahin als selbstverst\u00e4ndlich empfundenen Pr\u00e4senzunterricht auf digital gest\u00fctztes Distanzlernen umzustellen und f\u00fcr den Austausch mit den Sch\u00fcler*innen alternative Kommunikationswege zu nutzen und zu erproben. Das gro\u00dfe Angebot an Informationen zu digital gest\u00fctzten Lehr- und Lernformaten, das in dieser Zeit in Umlauf gebracht wurde, ist nur ein Hinweis darauf, wie gro\u00df das Potenzial und die M\u00f6glichkeiten zur Ausgestaltung von Lernsituationen sind. Damit verbunden sind unterschiedlichste Erfahrungen in Bezug auf besonders bew\u00e4hrte Formate, aber auch in Hinblick auf n\u00fctzliche Ressourcen und Hilfsmittel. Gleichzeitig stellt sich die Frage, welche Ver\u00e4nderungen langfristig zu einer zeitgem\u00e4\u00dfen Bildung aller Sch\u00fcler*innen beitragen k\u00f6nnen. In diesem Zusammenhang m\u00f6chte der Aachener Didaktiktag 2020 \u201eBildung w e i t e r denken\u201c und im Austausch mit den Fachdidaktiken sowie den Bildungswissenschaften an der RWTH Aachen Impulse f\u00fcr ein digital gest\u00fctztes Lehren und Lernen geben und reflektieren.<\/p>\n\n\n\n<p>Ausf\u00fchrliche Informationen zum Programm finden Sie <a href=\"https:\/\/www.lbz.rwth-aachen.de\/aachener-didaktiktag\">hier<\/a>.\u00a0<\/p>\n\n\n\n<hr class=\"wp-block-separator\"\/>\n\n\n\n<p><strong>6. Lehrerfortbildungstag Mathematik 2020 an der RWTH Aachen am 31. Oktober 2020<\/strong><\/p>\n\n\n\n<p>Am Samstag, dem 31. Oktober 2020, fand \u2013 ebenfalls kurzfristig auf digitales Format umgestellt \u2013 mit mehr als 100 Teilnehmenden der sechste Lehrerfortbildungstag Mathematik statt. Er stand unter dem Motto \u201eMathematik, die uns alle angeht\u201c.<\/p>\n\n\n\n<p>Zielgruppe sind sowohl Lehrkr\u00e4fte und Lehramtsanw\u00e4rter*innen als auch Studierende sowie weitere Bildungsakteure des Fachs Mathematik.<\/p>\n\n\n\n<p>Neben der Plenumsveranstaltung umfasst das Programm sieben doppelt angebotene Workshops zu aktuellen Themen wie dem Klimawandel, dem<br>Umgang mit FakeNews, dem Einsatz digitaler Werkzeuge oder dem sprachsensiblen Umgang im Mathematikunterricht. Dar\u00fcber hinaus gibt es ausreichend Gelegenheit zu Austausch und Networking.<\/p>\n\n\n\n<p>Weitere Informationen finden Sie <a href=\"http:\/\/didaktik.matha.rwth-aachen.de\/de\/veranstaltungen\/lehrertag2020.html\">hier<\/a>.<\/p>\n\n\n\n<hr class=\"wp-block-separator\"\/>\n\n\n\n<p><strong>Aachener Didaktiktag am 22. November 2019<\/strong><br>Mit dem Titel \u201eDigitalpakt Schule! Und jetzt?\u201c thematisiert der Aachener  Didaktiktag 2019 die bildungspolitischen Entwicklungen zur  Digitalisierung in Schule. Herzlich eingeladen sind auch in diesem Jahr  wieder alle Interessierten, insbesondere Lehrerinnen und Lehrer der Ausbildungsregion Aachen, Vertreterinnen und Vertreter  der Zentren f\u00fcr Schulpraktische Lehrerbildung, Referendarinne und  Referendare, Lehramtsstudierende sowie Dozierende aus den Fachdidaktiken  und den Bildungswissenschaften an der RWTH Aachen. Ausf\u00fchrliche Informationen zu Anmeldung und Programm werden in K\u00fcrze bekannt gegeben. <\/p>\n\n\n\n<p>Informationen zum Didaktiktag 2019 finden Sie auf den Webseiten des <a href=\"https:\/\/blog.rwth-aachen.de\/aachenerfachdidaktikforum\/2019\/07\/02\/aachener-didaktiktag-2019-safe-the-date\/\">Aachener Fachdidaktikforums<\/a>. <\/p>\n\n\n\n<hr class=\"wp-block-separator\"\/>\n\n\n\n<p><strong>108. MNU-Bundeskongress in Aachen <\/strong><\/p>\n\n\n\n<p>Die RWTH war im Fr\u00fchjahr 2017 Gastgeber des Bundeskongresses des Verbandes zur F\u00f6rderung der MINT-Unterrichts (MNU). Mehr als 1200 Lehrkr\u00e4fte und Bildungsakteure waren zu Gast auf dem Kongress, der damit ma\u00dfgeblich zur Sichtbarkeit und weiteren Vernetzung der Lehramtsbildung an der RWTH beigetragen hat. Im Rahmen der Ma\u00dfnahme III.3 von LeBiAC wurde die Organisation dieses Kongresses und weiterer Fachtagungen unterst\u00fctzt.<\/p>\n\n\n\n<p>Eine ausf\u00fchrliche Dokumentation des MNU-Bundeskongresses finden Sie <a class=\"extern\" href=\"http:\/\/www.bundeskongress-2017.mnu.de\/\">hier<\/a>.<\/p>\n\n\n\n<hr class=\"wp-block-separator\"\/>\n\n\n\n<p><a class=\"extern\" href=\"http:\/\/www.rwth-aachen.de\/go\/id\/lzky?#aaaaaaaaaaalzkz\" rel=\"noopener\"><strong>CAMMP Week<\/strong><\/a><\/p>\n\n\n\n<p><a class=\"extern\" href=\"http:\/\/www.rwth-aachen.de\/go\/id\/lxms?#aaaaaaaaaaalxmv\" rel=\"noopener\"><strong>Start des Projekts \u201eGoAIX! \u2013 Glaubensorte erforschen\u201c<\/strong><\/a><\/p>\n\n\n\n<p><a class=\"extern\" href=\"http:\/\/www.fb1.rwth-aachen.de\/cms\/Mathematik-Informatik-Naturwissenschaf\/Die-Fakultaet\/Zentren\/MINT-L4\/MINT-L4-Schuelerangebote\/MINT-L4-Schuelerangebote-Faecheruebergreifend\/~kyqg\/Schueleruni-MINT-Lehramt\/Ergebnisse\" rel=\"noopener\"><strong>Erste Sch\u00fcleruni MINT-Lehramt an der RWTH Aachen<\/strong><\/a><\/p>\n\n\n\n<p><a class=\"extern\" href=\"http:\/\/www.rwth-aachen.de\/go\/id\/jlcl?#aaaaaaaaaaajlcn\" rel=\"noopener\"><strong>Profilsch\u00e4rfung in der Lehramtsausbildung<\/strong><\/a><\/p>\n\n\n\n<p><a class=\"extern\" href=\"https:\/\/www.historicum.net\/kgd\/forschung\/zweijahrestagungen\/2015-aachen\/\" rel=\"noopener\"><strong>XXI. Zweijahrestagung der Konferenz f\u00fcr Geschichtsdidaktik (KGD) an der RWTH Aachen<\/strong><\/a><\/p>\n\n\n\n<p><a class=\"extern\" href=\"http:\/\/www.rwth-aachen.de\/go\/id\/iyuf?#aaaaaaaaaaaiyuk\" rel=\"noopener\"><strong>Auftakt zum dritten MILeNa-Jahrgang f\u00fcr Sch\u00fclerinnen und Sch\u00fcler<\/strong><\/a><\/p>\n","protected":false},"excerpt":{"rendered":"<p>Aktuelle Veranstaltungen Aachener Schul-Hochschul-Fachtag 2022 Am 06.01.2022 findet der zweite Aachener Schul-Hochschul-Fachtag statt. Dieser adressiert Didaktiker*innen, Lehrkr\u00e4fte aller F\u00e4cher, Studierende sowie weitere Bildungsakteure, die zu aktuellen Themen des Schulunterrichts arbeiten <a class=\"more-link\" href=\"https:\/\/www.lebiac.rwth-aachen.de\/?page_id=25\">Continue Reading \u2192<\/a><\/p>\n","protected":false},"author":2,"featured_media":0,"parent":0,"menu_order":0,"comment_status":"closed","ping_status":"closed","template":"","meta":[],"_links":{"self":[{"href":"https:\/\/www.lebiac.rwth-aachen.de\/index.php?rest_route=\/wp\/v2\/pages\/25"}],"collection":[{"href":"https:\/\/www.lebiac.rwth-aachen.de\/index.php?rest_route=\/wp\/v2\/pages"}],"about":[{"href":"https:\/\/www.lebiac.rwth-aachen.de\/index.php?rest_route=\/wp\/v2\/types\/page"}],"author":[{"embeddable":true,"href":"https:\/\/www.lebiac.rwth-aachen.de\/index.php?rest_route=\/wp\/v2\/users\/2"}],"replies":[{"embeddable":true,"href":"https:\/\/www.lebiac.rwth-aachen.de\/index.php?rest_route=%2Fwp%2Fv2%2Fcomments&post=25"}],"version-history":[{"count":65,"href":"https:\/\/www.lebiac.rwth-aachen.de\/index.php?rest_route=\/wp\/v2\/pages\/25\/revisions"}],"predecessor-version":[{"id":2174,"href":"https:\/\/www.lebiac.rwth-aachen.de\/index.php?rest_route=\/wp\/v2\/pages\/25\/revisions\/2174"}],"wp:attachment":[{"href":"https:\/\/www.lebiac.rwth-aachen.de\/index.php?rest_route=%2Fwp%2Fv2%2Fmedia&parent=25"}],"curies":[{"name":"wp","href":"https:\/\/api.w.org\/{rel}","templated":true}]}}

<h3>Aktuelle Veranstaltungen</h3>



<hr class="wp-block-separator"/>



<p><strong>Aachener Schul-Hochschul-Fachtag 2022</strong></p>



<p>Am 06.01.2022 findet der zweite Aachener Schul-Hochschul-Fachtag statt. Dieser adressiert Didaktiker*innen, Lehrkräfte aller Fächer, Studierende sowie weitere Bildungsakteure, die zu aktuellen Themen des Schulunterrichts arbeiten möchten.<br>Zwischen 10:30 Uhr und 16:00 Uhr werden Working Sessions zu spezifischen Themen aus unterschiedlichen Bereichen angeboten. Neben vorbereiteten Inputs haben Sie die Möglichkeit, bei der Erprobung, Diskussion oder Entwicklung konkreter Unterrichtsmaterialien oder außerunterrichtlicher Schulprojekte mitzuwirken.</p>



<p>Weitere Informationen folgen in Kürze.</p>



<p>Den Flyer zum ersten Aachener Schul-Hochschul-Fachtag finden Sie <a href="http://www.lebiac.rwth-aachen.de/wp-content/uploads/2020/12/Flyer_Schul-Hochschul-Fachtag_06.01.2021.pdf">hier</a>.</p>



<p>Kontakt<strong>: </strong>Phil Merkschien, <a href="ma&#105;&#108;&#x74;&#x6f;&#x3a;&#x70;hi&#108;&#46;&#x6d;&#x65;&#x72;&#x6b;sc&#104;&#105;&#101;&#x6e;&#x40;&#x6d;&#x61;th&#97;&#46;&#x72;&#x77;&#x74;&#x68;-a&#97;&#99;&#x68;&#x65;&#x6e;&#x2e;de">&#x70;&#x68;&#x69;&#x6c;&#46;&#109;&#101;rk&#x73;&#x63;&#x68;&#x69;&#x65;&#110;&#64;&#109;at&#x68;&#x61;&#x2e;&#x72;&#x77;&#116;&#104;&#45;aa&#x63;&#x68;&#x65;&#x6e;&#x2e;&#100;&#101;</a></p>



<hr class="wp-block-separator"/>



<p><strong>Aachener Didaktiktag 2021</strong></p>



<p>&#8222;Mündigkeit und Haltung: Didaktische Perspektiven auf die gesellschaftliche Verantwortung von Schulen&#8220; ist der Titel des diesjährigen Aachener Didaktiktages. Dieser findet am 25. und 26. November 2021 in Form einer Online-Tagung in Zoom statt.</p>



<p>Weitere Informationen zur Veranstaltung finden Sie <a href="https://www.lbz.rwth-aachen.de/cms/LBZ/Forschung/Forschungskooperation/Aachener-Didaktiktag/~fkcyt/Aachener-Didaktiktag-2021/">hier</a>.</p>



<p>Veranstaltungsorganisation: <a href="https://www.lbz.rwth-aachen.de/cms/LBZ/Forschung/Forschungskooperation/~qqyu/Fachdidaktik-Forum/">FachdidaktikForum</a> am Lehrerbildungszentrum der RWTH Aachen<br>Kontakt: Jana Zimmermann, <a href="&#109;&#x61;&#105;&#x6c;&#116;&#x6f;:&#x7a;i&#x6d;m&#101;&#x72;&#109;&#x61;&#110;&#x6e;&#64;&#x6c;b&#x7a;&#46;&#x72;w&#116;&#x68;&#45;&#x61;&#97;&#x63;&#104;&#x65;n&#x2e;d&#x65;">&#122;&#x69;&#109;&#x6d;e&#x72;m&#97;&#x6e;&#110;&#x40;&#108;&#x62;z&#x2e;r&#119;&#x74;&#104;&#x2d;a&#x61;c&#x68;&#x65;&#110;&#x2e;&#100;&#x65;</a></p>



<p></p>



<p class="has-huge-font-size">      </p>



<p>    </p>



<p>   </p>



<p>   </p>



<p>   </p>



<p>  </p>



<p></p>



<p></p>



<p>     </p>



<h3>Frühere Veranstaltungen</h3>



<hr class="wp-block-separator"/>



<p><strong>Aachener Schul-Hochschul-Fachtag am 06.01.2021</strong></p>



<p>Obwohl aufgrund der Pandemiesituation zwischenzeitlich organisatorische Änderungen vorgenommen werden mussten, haben am ersten Aachener Schul-Hochschul-Fachtag rund 40 Personen teilgenommen. In mehrstündigen Working Sessions haben Lehrkräfte, Didaktiker*innen, Studierende sowie weitere Bildungsakteure zusammen intensiv an einem spezifischen Thema aus einem der Bereiche Mathematik, Deutsch, Informatik, Biologie oder Videografie gearbeitet.<br>Neben vorbereiteten Inputs haben die Teilnehmer*innen bei der Erprobung, Diskussion oder Entwicklung konkreter Unterrichtsmaterialien oder außerunterrichtlicher Schulprojekte mitgewirkt.</p>



<p><br><a href="http://www.lebiac.rwth-aachen.de/wp-content/uploads/2020/12/Flyer_Schul-Hochschul-Fachtag_06.01.2021.pdf">Flyer Aachener Schul-Hochschul-Fachtag am 6.1.2021</a></p>



<hr class="wp-block-separator"/>



<p><strong>Aachener Didaktiktag 12. und 13. November 2020</strong></p>



<p>Mit dem Titel&nbsp;<em>„Bildung w e i t e r denken! – Impulse für ein digital gestütztes Lehren und Lernen“</em>&nbsp;und mehr als 200 Teilnehmenden fand am 12. und 13. November 2020 der Aachener Didaktiktag in Form einer Online-Tagung statt.</p>



<p>Mit Beginn der Corona-Pandemie im März 2020 wurden die Schulen unmittelbar vor die Herausforderung gestellt, den bis dahin als selbstverständlich empfundenen Präsenzunterricht auf digital gestütztes Distanzlernen umzustellen und für den Austausch mit den Schüler*innen alternative Kommunikationswege zu nutzen und zu erproben. Das große Angebot an Informationen zu digital gestützten Lehr- und Lernformaten, das in dieser Zeit in Umlauf gebracht wurde, ist nur ein Hinweis darauf, wie groß das Potenzial und die Möglichkeiten zur Ausgestaltung von Lernsituationen sind. Damit verbunden sind unterschiedlichste Erfahrungen in Bezug auf besonders bewährte Formate, aber auch in Hinblick auf nützliche Ressourcen und Hilfsmittel. Gleichzeitig stellt sich die Frage, welche Veränderungen langfristig zu einer zeitgemäßen Bildung aller Schüler*innen beitragen können. In diesem Zusammenhang möchte der Aachener Didaktiktag 2020 „Bildung w e i t e r denken“ und im Austausch mit den Fachdidaktiken sowie den Bildungswissenschaften an der RWTH Aachen Impulse für ein digital gestütztes Lehren und Lernen geben und reflektieren.</p>



<p>Ausführliche Informationen zum Programm finden Sie <a href="https://www.lbz.rwth-aachen.de/aachener-didaktiktag">hier</a>. </p>



<hr class="wp-block-separator"/>



<p><strong>6. Lehrerfortbildungstag Mathematik 2020 an der RWTH Aachen am 31. Oktober 2020</strong></p>



<p>Am Samstag, dem 31. Oktober 2020, fand – ebenfalls kurzfristig auf digitales Format umgestellt – mit mehr als 100 Teilnehmenden der sechste Lehrerfortbildungstag Mathematik statt. Er stand unter dem Motto „Mathematik, die uns alle angeht“.</p>



<p>Zielgruppe sind sowohl Lehrkräfte und Lehramtsanwärter*innen als auch Studierende sowie weitere Bildungsakteure des Fachs Mathematik.</p>



<p>Neben der Plenumsveranstaltung umfasst das Programm sieben doppelt angebotene Workshops zu aktuellen Themen wie dem Klimawandel, dem<br>Umgang mit FakeNews, dem Einsatz digitaler Werkzeuge oder dem sprachsensiblen Umgang im Mathematikunterricht. Darüber hinaus gibt es ausreichend Gelegenheit zu Austausch und Networking.</p>



<p>Weitere Informationen finden Sie <a href="http://didaktik.matha.rwth-aachen.de/de/veranstaltungen/lehrertag2020.html">hier</a>.</p>



<hr class="wp-block-separator"/>



<p><strong>Aachener Didaktiktag am 22. November 2019</strong><br>Mit dem Titel „Digitalpakt Schule! Und jetzt?“ thematisiert der Aachener  Didaktiktag 2019 die bildungspolitischen Entwicklungen zur  Digitalisierung in Schule. Herzlich eingeladen sind auch in diesem Jahr  wieder alle Interessierten, insbesondere Lehrerinnen und Lehrer der Ausbildungsregion Aachen, Vertreterinnen und Vertreter  der Zentren für Schulpraktische Lehrerbildung, Referendarinne und  Referendare, Lehramtsstudierende sowie Dozierende aus den Fachdidaktiken  und den Bildungswissenschaften an der RWTH Aachen. Ausführliche Informationen zu Anmeldung und Programm werden in Kürze bekannt gegeben. </p>



<p>Informationen zum Didaktiktag 2019 finden Sie auf den Webseiten des <a href="https://blog.rwth-aachen.de/aachenerfachdidaktikforum/2019/07/02/aachener-didaktiktag-2019-safe-the-date/">Aachener Fachdidaktikforums</a>. </p>



<hr class="wp-block-separator"/>



<p><strong>108. MNU-Bundeskongress in Aachen </strong></p>



<p>Die RWTH war im Frühjahr 2017 Gastgeber des Bundeskongresses des Verbandes zur Förderung der MINT-Unterrichts (MNU). Mehr als 1200 Lehrkräfte und Bildungsakteure waren zu Gast auf dem Kongress, der damit maßgeblich zur Sichtbarkeit und weiteren Vernetzung der Lehramtsbildung an der RWTH beigetragen hat. Im Rahmen der Maßnahme III.3 von LeBiAC wurde die Organisation dieses Kongresses und weiterer Fachtagungen unterstützt.</p>



<p>Eine ausführliche Dokumentation des MNU-Bundeskongresses finden Sie <a class="extern" href="http://www.bundeskongress-2017.mnu.de/">hier</a>.</p>



<hr class="wp-block-separator"/>



<p><a class="extern" href="http://www.rwth-aachen.de/go/id/lzky?#aaaaaaaaaaalzkz" rel="noopener"><strong>CAMMP Week</strong></a></p>



<p><a class="extern" href="http://www.rwth-aachen.de/go/id/lxms?#aaaaaaaaaaalxmv" rel="noopener"><strong>Start des Projekts „GoAIX! – Glaubensorte erforschen“</strong></a></p>



<p><a class="extern" href="http://www.fb1.rwth-aachen.de/cms/Mathematik-Informatik-Naturwissenschaf/Die-Fakultaet/Zentren/MINT-L4/MINT-L4-Schuelerangebote/MINT-L4-Schuelerangebote-Faecheruebergreifend/~kyqg/Schueleruni-MINT-Lehramt/Ergebnisse" rel="noopener"><strong>Erste Schüleruni MINT-Lehramt an der RWTH Aachen</strong></a></p>



<p><a class="extern" href="http://www.rwth-aachen.de/go/id/jlcl?#aaaaaaaaaaajlcn" rel="noopener"><strong>Profilschärfung in der Lehramtsausbildung</strong></a></p>



<p><a class="extern" href="https://www.historicum.net/kgd/forschung/zweijahrestagungen/2015-aachen/" rel="noopener"><strong>XXI. Zweijahrestagung der Konferenz für Geschichtsdidaktik (KGD) an der RWTH Aachen</strong></a></p>



<p><a class="extern" href="http://www.rwth-aachen.de/go/id/iyuf?#aaaaaaaaaaaiyuk" rel="noopener"><strong>Auftakt zum dritten MILeNa-Jahrgang für Schülerinnen und Schüler</strong></a></p>

<p>Aktuelle Veranstaltungen Aachener Schul-Hochschul-Fachtag 2022 Am 06.01.2022 findet der zweite Aachener Schul-Hochschul-Fachtag statt. Dieser adressiert Didaktiker*innen, Lehrkräfte aller Fächer, Studierende sowie weitere Bildungsakteure, die zu aktuellen Themen des Schulunterrichts arbeiten <a class="more-link" href="https://www.lebiac.rwth-aachen.de/?page_id=25">Continue Reading →</a></p>
