{"id":9,"date":"2016-12-09T16:17:01","date_gmt":"2016-12-09T15:17:01","guid":{"rendered":"http:\/\/www.lebiac.rwth-aachen.de\/?page_id=9"},"modified":"2019-08-16T20:10:37","modified_gmt":"2019-08-16T18:10:37","slug":"projekt","status":"publish","type":"page","link":"https:\/\/www.lebiac.rwth-aachen.de\/?page_id=9","title":{"rendered":"Das LeBiAC &#8211; Projekt"},"content":{"rendered":"\n<h2>Lehrerbildung an der RWTH Aachen (LeBiAC)<\/h2>\n\n\n\n<div>\n<p><strong>Die Lehrerbildung an der RWTH Aachen<\/strong><\/p>\n<p>Die <a href=\"http:\/\/www.rwth-aachen.de\"> RWTH Aachen University <\/a>  begreift sich als integrierte interdisziplin\u00e4re Hochschule, an der die Zukunft der industrialisierten Welt gedacht wird. Sie hat sich zur Steigerung der Qualit\u00e4t der Lehre verpflichtet und seit 2008 einen hochschulweiten, von allen Statusgruppen getragenen Prozess des Paradigmenwechsels von der studiengangorientierten Sicht hin zur Studierendenfokussierung initiiert.<\/p> \n<p>Lernende und deren Vielfalt zum Ausgangspunkt des Lehrens und Lernens zu machen stellt damit ein zentrales Element des RWTH-Selbstverst\u00e4ndnisses dar, das sich doppelt im Lehramtsstudium integriert findet: als Modus des Studiums des Lehramts, insbesondere an einer Technischen Hochschule und als Zielsetzung eines Lehramtsstudiums hinsichtlich der zuk\u00fcnftigen T\u00e4tigkeit als Lehrkraft.<\/p><\/p>\n<\/div>\n\n\n\n<div>\n<p><strong>Das Projekt LeBiAC<\/strong><\/p>\n<p>An der RWTH werden Lehrkr\u00e4fte f\u00fcr den Gymnasial- und Gesamtschulbereich sowie f\u00fcr Berufskollegs (BK) ausgebildet. Das Projekt <strong>\u201eGemeinsam verschieden sein \u2013 Lehrerbildung an der RWTH Aachen (LeBiAC)\u201c<\/strong> im Rahmen der <a href=\"https:\/\/www.qualitaetsoffensive-lehrerbildung.de\/\">Qualit\u00e4tsoffensive Lehrerbildung<\/a>   startete am 1.Juni 2015 inmitten eines umfassenden Erneuerungsprozesses der Lehrerbildung an der RWTH, der durch das Gesetz zur Reform der Lehrerausbildung NRW (2009) initiiert wurde und durch dessen Fortschreibung 2016 weitere Impulse erhielt. Letzteres betraf insbesondere auch die Ausbildung aller Lehramtsstudierenden im Themenfeld von Heterogenit\u00e4t und Inklusion und damit einen ausgewiesenen Arbeitsschwerpunkt des Projekts LeBiAC in seiner ersten F\u00f6rderphase (2015-2018).<\/p>\n<\/div>\n\n\n\n<div>\n<p><strong>Das Ziel des LeBiAC-Vorhabens<\/strong><\/p>\n<p>Ziel des RWTH-Vorhabens war und ist, die Lehramtsausbildung unter den spezifischen Bedingungen der RWTH Aachen nachhaltig f\u00fcr die Herausforderungen der Zukunft zu r\u00fcsten und dabei auch Impulse f\u00fcr eine Verbesserung der Lehramtsausbildung nach au\u00dfen zu geben. Zudem sollen Wege entwickelt werden, um das gro\u00dfe Potential der Lehramtsausbildung f\u00fcr die Gesamtstrategie der Hochschule auszusch\u00f6pfen und auf diese Weise auch die strategische Verankerung der Lehramtsausbildung an der RWTH zu festigen.<\/p>\n<p>F\u00fcr diesen Prozess wurden zu Beginn des Projekts vier Zieldimensionen formuliert:<p>\n<ul style=\"list-style-type:decimal\">\n<li>Die <strong>angemessene Ber\u00fccksichtigung von Heterogenit\u00e4t<\/strong> und der damit zusammenh\u00e4ngenden Konzepte der Inklusion in der Fortentwicklung der Lehrerbildung an der RWTH<\/li>\n<li>die <strong>St\u00e4rkung des Praxisbezugs<\/strong> und weitere Aspekte der Professionalisierung der Lehrerbildung<\/li>\n<li>die <strong>nachhaltige Verankerung fachdidaktischer Forschung und Nachwuchsf\u00f6rderung<\/strong> an der RWTH<\/li>\n<li>der <strong>Ausbau tragf\u00e4higer Supportstrukturen f\u00fcr die Lehrerbildung<\/strong>, wobei die Lehrerbildung als Gesamtprozess von der Akquise geeigneter Lehramtsstudierender \u00fcber deren fundierte und praxisorientierte Ausbildung bis hin zu Angeboten der Fortbildung und Unterst\u00fctzung aktiver Lehrkr\u00e4fte der Region begriffen wird.<\/li>\n<p>Mit einer Reihe von abgestimmten Ma\u00dfnahmen wurde auf die vor dem Projektbeginn erkannten Defizite der Lehrerbildung an der RWTH reagiert, die in einer systematischen und fortgeschriebenen St\u00e4rken-Schw\u00e4chen-Analyse der Lehramtsausbildung an der RWTH identifiziert wurden.<p> \n<ul style=\"list-style-type:upper-roman\">\n<\/div>\n\n\n\n<div>\n<p><strong>Die erste LeBiAC &#8211;  F\u00f6rderphase (2015-2018)<\/strong><\/p>\n<p>Die Umsetzung des geplanten Vorhabens \u201eGemeinsam verschieden sein \u2013 Lehrerbildung an der RWTH Aachen (LeBiAC)\u201c erfolgte w\u00e4hrend der ersten F\u00f6rderphase (2015-2018) in drei Ma\u00dfnahmenpakten:<\/p>\n<ul style=\"list-style-type:upper-roman\">\n<li>Ber\u00fccksichtigung von Heterogenit\u00e4t und Inklusion in der Lehre und Forschung<\/li> \n<li>St\u00e4rkung des Praxisbezugs und der Professionalisierung<\/li>\n<li>Supportstrukturen f\u00fcr die Lehrerbildung<\/li>\n<p>Die in der urspr\u00fcnglichen Antragsskizze formulierte Zielsetzung im Bereich der Nachwuchsf\u00f6rderung wurde nach dem Wegfall eines urspr\u00fcnglich geplanten Graduiertenkollegs an die vorhandenen Rahmenbedingungen angepasst und \u00fcberwiegend mit dem Ma\u00dfnahmenbereich I der Lehr-Lern-Gelegenheiten mit Sch\u00fclerinnen und Sch\u00fclern verkn\u00fcpft, wo im Rahmen des Projekts LeBiAC sechs Nachwuchswissenschaftlerinnen und Nachwuchswissenschaftler in den verschiedenen Fachdidaktiken forschen. Die nachfolgende Abbildung (<a href=\"http:\/\/www.lebiac.rwth-aachen.de\/wp-content\/uploads\/2019\/08\/Unbenannt-2.png\">Abb. 1<\/a>) zeigt die verschiedenen Ma\u00dfnahmenschwerpunkte und die dazugeh\u00f6rigen Teilprojekte in der ersten F\u00f6rderphase des LeBiAC-Vorhabens.<p>\n<\/div>\n\n\n\n<figure class=\"wp-block-image\"><img loading=\"lazy\" width=\"943\" height=\"531\" src=\"http:\/\/www.lebiac.rwth-aachen.de\/wp-content\/uploads\/2019\/08\/Unbenannt-2.png\" alt=\"\" class=\"wp-image-1710\" srcset=\"https:\/\/www.lebiac.rwth-aachen.de\/wp-content\/uploads\/2019\/08\/Unbenannt-2.png 943w, https:\/\/www.lebiac.rwth-aachen.de\/wp-content\/uploads\/2019\/08\/Unbenannt-2-150x84.png 150w, https:\/\/www.lebiac.rwth-aachen.de\/wp-content\/uploads\/2019\/08\/Unbenannt-2-300x169.png 300w, https:\/\/www.lebiac.rwth-aachen.de\/wp-content\/uploads\/2019\/08\/Unbenannt-2-768x432.png 768w\" sizes=\"(max-width: 943px) 100vw, 943px\" \/><figcaption>Abbildung&nbsp;1: \u00dcbersicht der Teilprojekte in den Ma\u00dfnahmenpaketen in LeBiAC 1 (2015-2018).<\/figcaption><\/figure>\n\n\n\n<div>\n<p><strong>Die zweite LeBiAC &#8211; F\u00f6rderphase (2019-2023)<\/strong><\/p>\n<p>Die im LeBiAC-Projekt w\u00e4hrend der ersten F\u00f6rderphase neu eingerichtete Professur Erziehungswissenschaften mit dem Schwerpunkt Heterogenit\u00e4t wird verstetigt und sichert mit dem im Jahr 2017 umgesetzte \u00c4nderung aller Lehramts-Pr\u00fcfungsordnungen, dass die Themen Heterogenit\u00e4t und Inklusion zum festen Bestandteil des Lehramtsstudiums an der RWTH werden. Der damit erreichte Projektstand in der ersten F\u00f6rderphase erlaubte die Konzeption neuer Ma\u00dfnahmen zum Lehren und Lernen in einer digitalen Welt.<\/p>\n<p>Hierzu wird in der zweiten F\u00f6rderphase des Projekts <strong>\u201eGemeinsam verschieden sein in einer digitalen Welt \u2013 Lehrerbildung an der RWTH Aachen (LeBiAC 2)\u201c<\/strong> der strukturelle Wandel in einer zunehmend digitalen Welt seine umfassende Beachtung in Lehre und Forschung finden (siehe <a href=\"http:\/\/www.lebiac.rwth-aachen.de\/wp-content\/uploads\/2019\/08\/Unbenannt2.png\">Abb. 2<\/a> ). Die angemessene Ber\u00fccksichtigung digitaler Bildung in der Fortentwicklung der Lehrerbildung an der RWTH und ihre direkte Nutzbarmachung f\u00fcr den Umgang mit heterogenen Lerngruppen in Bildungsprozessen hat f\u00fcr das Projekt eine zentrale Bedeutung, weil neben der schulischen Bildung auch die Hochschullehre profitieren wird.<\/p>\n<p>Die Lehramtsstudieng\u00e4nge \u00fcbernehmen im Zuge des Projektes eine Vorreiterrolle bei der umfassenden Digitalisierung der Hochschullehre an der RWTH, was sowohl aus der Perspektive der Lehrerbildung als auch der gesamten Hochschule als bedeutsam erscheint.<\/p>\n<p>Im weiteren Projektverlauf werden zudem der gest\u00e4rkte Praxisbezug und weitere Aspekte der Professionalisierung der Lehrerbildung konsolidiert. Dies f\u00fchrt zum Beispiel durch die Weiterentwicklung und nachhaltige Verankerung vielf\u00e4ltiger Lehr-Lern-Labore zu positiven Effekten f\u00fcr die regionale Einbindung der RWTH.<\/p>\n<p>Das Projekt LeBiAC f\u00fchrt ebenfalls zu einer nachhaltigen Verankerung fachdidaktischer Forschung und Nachwuchsf\u00f6rderung an der RWTH und stellt dauerhaft tragf\u00e4hige Supportstrukturen f\u00fcr die Lehrerbildung bereit. Lehrerbildung wird dabei an der RWTH Aachen als Gesamtprozess von der Akquise geeigneter Studierender \u00fcber deren fundierte und praxisorientierte Ausbildung bis zum Angebot der Fortbildung und Unterst\u00fctzung aktiver Lehrkr\u00e4fte der Region verstanden, was sich in den Zielen und Aktivit\u00e4ten im LeBiAC-Projekt widerspiegelt. Dabei werden durch das Projekt auch sichtbare Impulse f\u00fcr eine Verbesserung der Lehrerbildung nach au\u00dfen vermittelt.<\/p>\n<\/div>\n\n\n\n<figure class=\"wp-block-image\"><img loading=\"lazy\" width=\"943\" height=\"531\" src=\"http:\/\/www.lebiac.rwth-aachen.de\/wp-content\/uploads\/2019\/08\/Unbenannt2.png\" alt=\"\" class=\"wp-image-1714\" srcset=\"https:\/\/www.lebiac.rwth-aachen.de\/wp-content\/uploads\/2019\/08\/Unbenannt2.png 943w, https:\/\/www.lebiac.rwth-aachen.de\/wp-content\/uploads\/2019\/08\/Unbenannt2-150x84.png 150w, https:\/\/www.lebiac.rwth-aachen.de\/wp-content\/uploads\/2019\/08\/Unbenannt2-300x169.png 300w, https:\/\/www.lebiac.rwth-aachen.de\/wp-content\/uploads\/2019\/08\/Unbenannt2-768x432.png 768w\" sizes=\"(max-width: 943px) 100vw, 943px\" \/><figcaption>Abbildung&nbsp;2: \u00dcbersicht der Teilma\u00dfnahmen und derer Angebote im LeBiAC 2 &#8222;Gemeinsam verschieden sein in einer digitalen Welt &#8211; Lehrerbildung an der RWTH Aachen&#8220;<\/figcaption><\/figure>\n\n\n\n<p><a class=\"extern\" href=\"http:\/\/www.rwth-aachen.de\/go\/id\/rkbw?#aaaaaaaaaaarkbx\">RWTH-Pressemeldung zur LeBiAC-Projektforsetzung vom 5.9.2018<\/a><\/p>\n<p>&nbsp;<\/p>\n","protected":false},"excerpt":{"rendered":"<p>Lehrerbildung an der RWTH Aachen (LeBiAC) Die Lehrerbildung an der RWTH Aachen Die RWTH Aachen University begreift sich als integrierte interdisziplin\u00e4re Hochschule, an der die Zukunft der industrialisierten Welt gedacht <a class=\"more-link\" href=\"https:\/\/www.lebiac.rwth-aachen.de\/?page_id=9\">Continue Reading \u2192<\/a><\/p>\n","protected":false},"author":2,"featured_media":0,"parent":0,"menu_order":0,"comment_status":"closed","ping_status":"closed","template":"","meta":[],"_links":{"self":[{"href":"https:\/\/www.lebiac.rwth-aachen.de\/index.php?rest_route=\/wp\/v2\/pages\/9"}],"collection":[{"href":"https:\/\/www.lebiac.rwth-aachen.de\/index.php?rest_route=\/wp\/v2\/pages"}],"about":[{"href":"https:\/\/www.lebiac.rwth-aachen.de\/index.php?rest_route=\/wp\/v2\/types\/page"}],"author":[{"embeddable":true,"href":"https:\/\/www.lebiac.rwth-aachen.de\/index.php?rest_route=\/wp\/v2\/users\/2"}],"replies":[{"embeddable":true,"href":"https:\/\/www.lebiac.rwth-aachen.de\/index.php?rest_route=%2Fwp%2Fv2%2Fcomments&post=9"}],"version-history":[{"count":22,"href":"https:\/\/www.lebiac.rwth-aachen.de\/index.php?rest_route=\/wp\/v2\/pages\/9\/revisions"}],"predecessor-version":[{"id":1738,"href":"https:\/\/www.lebiac.rwth-aachen.de\/index.php?rest_route=\/wp\/v2\/pages\/9\/revisions\/1738"}],"wp:attachment":[{"href":"https:\/\/www.lebiac.rwth-aachen.de\/index.php?rest_route=%2Fwp%2Fv2%2Fmedia&parent=9"}],"curies":[{"name":"wp","href":"https:\/\/api.w.org\/{rel}","templated":true}]}}